 divisor of t and o?
3
Suppose -985 = -4*r + g, -3*g + 222 = r - 47. Calculate the greatest common divisor of 152 and r.
8
Let p(l) = -2*l**3 + 31*l**2 + 17*l - 14. Let q be p(16). Suppose q*s + 3*s = -3*b + 1812, 0 = 5*s - 2*b - 1792. What is the greatest common divisor of s and 6?
6
Let t(u) = 4*u**2 - 381*u + 2801. Let q be t(7). Let m = 274 + -142. Calculate the highest common divisor of m and q.
66
Suppose -3*a + 6 = -c - 29, 2*a - 3*c - 14 = 0. Let k(w) = 651 + 32*w - 1238 + 703. Let q be k(-2). Calculate the greatest common divisor of q and a.
13
Suppose 4*n - 4*h = 7752, n - 579*h = -577*h + 1933. Calculate the greatest common divisor of 670 and n.
67
Let s(r) = 20*r + 296. Let v be s(-8). What is the highest common factor of 986 and v?
34
Suppose 5*b + 16 = 9*b. Suppose -6*h - 224 = -b*f - h, 224 = 4*f + h. What is the highest common divisor of 56 and f?
56
Suppose -109*g = -4*n - 110*g + 301, 0 = 4*n - 2*g - 298. Let s be (-44)/(-12) + 2/(-3). Calculate the highest common factor of s and n.
3
Let z(q) = -15*q - 507. Let j be z(-35). Let p be ((-224)/(-24) - 6)*1*3. Calculate the highest common divisor of p and j.
2
Let f = 363 + -173. Suppose -4*n + 14 = -f. Let m be 32 - 3*(-8)/12. What is the highest common divisor of n and m?
17
Let j be (-40994)/(-1990) - ((-13)/(-5) + -2). What is the greatest common factor of 4430 and j?
10
Suppose -4*x + 4*u = -20, -2*u = -x + 3*u - 11. Calculate the greatest common factor of 2691 and x.
9
Suppose -5*x + 519 = 4*r, -86*r + 4*x + 700 = -81*r. What is the highest common divisor of 2686 and r?
34
Let a be (-27)/12*(-3432)/117. What is the highest common factor of a and 99?
33
Suppose -k = -8*x + 5*x + 32847, -2*x + 21915 = 5*k. Calculate the greatest common factor of x and 5.
5
Let z(v) = v**3 - 22*v**2 - 201*v - 113. Let d be z(-6). Let y be 2/4 + (-67)/(-2). Calculate the greatest common divisor of d and y.
17
Let x = -358 - -534. Let h be 4*(-801)/18*1/(-2). Suppose h*n + 22 = 90*n. Calculate the highest common divisor of x and n.
22
Suppose z = -6 + 25. Suppose -2*y + 4*w = -27 - z, -2*y + 46 = -5*w. Let b be 14 - -6 - 9 - -104. What is the greatest common divisor of b and y?
23
Let f be (-8)/36 + 1354/18. Let g = -13317 + 13332. What is the greatest common factor of f and g?
15
Let f(i) be the first derivative of 3*i**2/2 + 18*i + 103. Let o be f(7). Calculate the greatest common divisor of 195 and o.
39
Let v be (-1)/(-1) - (-1 + -38). Let o(m) = 64*m**2 + m + 21. Let p be o(0). Suppose 56*n = p*n + 1050. What is the highest common divisor of v and n?
10
Let l be 10/(-55) + 6/33. Suppose -y - 144 = -5*k, 5*y + 160 = 2*k + 3*k. Suppose l*i = 2*i - k. Calculate the highest common divisor of 35 and i.
7
Suppose 7*l - 679 = -5*f + 3*l, -2*l - 403 = -3*f. Let k = -105 + f. What is the greatest common divisor of k and 320?
10
Let f(m) = 2*m**2 + 153*m - 510. Let t be f(66). Calculate the highest common factor of t and 15.
15
Let c(p) = 162*p**3 - 10*p**2 + 37*p - 65. Let s be c(4). What is the greatest common factor of s and 164?
41
Let b be 81 - (427/49 + (-28)/(-98)). Let s(k) = -k**3 - 5*k**2 - 4*k + 4. Let q be s(-4). Let a be -48*(-1)/q*2. What is the highest common factor of b and a?
24
Let v(b) = -b**3 + 31*b**2 - 23*b - 132. Let w be v(24). What is the highest common divisor of 81 and w?
27
Let l = -299 + 207. Let y be (-2)/7 + l/(-28). Suppose -v = -y*i + 3*v + 116, 2*i - 3*v = 78. What is the greatest common divisor of 24 and i?
12
Let d be (5/(-10))/(((-154)/1454320)/11). What is the greatest common divisor of d and 53?
53
Suppose -262 - 268 = 5*l. Let n = 107 + l. What is the greatest common divisor of n and 30?
1
Suppose 0 = 4*a - 2*t - 222, 0 = 57*a - 62*a - 5*t + 315. What is the highest common divisor of 1363 and a?
29
Let c be -26 - 11 - (-2)/2. Let v be 102/(-4)*48/c. Let d = v - 20. Calculate the highest common factor of d and 154.
14
Let w be (0 - 0/(-1)) + (-1 - -3). Let v be w - 64/(-28) - (-6)/(-21). Suppose -v*i + 36 = -56. What is the greatest common divisor of 23 and i?
23
Let q = 11545 - 9889. What is the greatest common divisor of q and 1472?
184
Suppose -2*c = 42 + 162. Let u be ((-16)/(-20))/(-2) + c/(-5). Let x be 6/16*4 + 154/4. What is the highest common factor of u and x?
20
Let d(f) = f**3 + 7*f**2 - 2*f + 7. Suppose -1 = b - 2*j, -b - 43 = 3*b + 5*j. Let z be d(b). What is the highest common divisor of 112 and z?
7
Let g(i) = -24*i - 46. Let f be g(-12). Suppose -f = -4*b - 2*k - 54, 0 = 2*b + 2*k - 98. What is the highest common divisor of 27 and b?
9
Suppose 58*r + 52*r - 9324 = 36*r. Calculate the greatest common factor of 144 and r.
18
Suppose 0 = -5*y + 15, -2*y + 11 = -3*d + 23. Suppose d*k - 305 + 77 = 0. Let p = -58 + 115. Calculate the greatest common divisor of p and k.
19
Suppose -29923*k + 29921*k = -3582. What is the greatest common factor of 45 and k?
9
Let w be (1 + -3)/((-2288)/253 - -9). What is the greatest common factor of 6210 and w?
46
Let j be -368*((-175)/250 - (-6)/30). Calculate the greatest common factor of j and 1426.
46
Suppose -4*x = 5*b - 3 + 8, -1 = 3*b + 2*x. Suppose 106 = v + 2*h, -v + 106 = -h - b. Suppose 4*r = 284 + v. What is the highest common factor of r and 14?
14
Suppose 18155 = 4*o - c, c - 7204 = -3*o + 6414. Calculate the highest common divisor of 153 and o.
51
Let h(g) = 8*g**2 + 7*g - 10. Let n be 23/(-4) + 5*6/40. Let x be h(n). Suppose -3*c + 434 = 4*c. Calculate the greatest common factor of x and c.
31
Let s(d) = 734*d - 2068. Let m be s(5). What is the highest common divisor of 623 and m?
89
Suppose -4*n + 5*n - 2*m - 52 = 0, -230 = -5*n + 4*m. Let z be 3*(600/(-28))/((-27)/n). Suppose -9 = -l + 16. Calculate the greatest common factor of l and z.
25
Let m(q) = -37*q + 7931. Let a be m(-47). What is the highest common divisor of a and 10?
10
Let x(k) = -15*k**2 - 242*k - 20. Let b be x(-16). Calculate the greatest common divisor of b and 1206.
6
Let g = -217 + 217. Suppose 1253 = 2*n + 2*n + 5*o, g = -n + 3*o + 309. Calculate the highest common factor of 39 and n.
39
Let d(j) = -j**2 - 25*j + 3. Let y be d(-29). Let n = y - -152. What is the greatest common divisor of 663 and n?
39
Let y = 43 + -49. Let w(v) = v**3 + 4*v**2 - 4*v. Let n be w(y). Let p = n + 72. Calculate the highest common factor of 120 and p.
24
Suppose -2*g + 81 + 203 = 0. Suppose -n + 1 + g = 0. Calculate the greatest common factor of 11 and n.
11
Let w = -56 + 227. Suppose -4*m = 11 - 31, 4*m = -2*l + 96. What is the highest common divisor of l and w?
19
Let b be -4*(-5)/6*3. Suppose 0*y + 9*y = -5310. Let d = -588 - y. Calculate the greatest common divisor of b and d.
2
Suppose 4*g = 6*g - 154. Suppose -i = -2*i + g. Suppose 0*h - 7*h + i = 0. What is the highest common factor of 33 and h?
11
Suppose 93*u + 361452 = 366*u. Calculate the greatest common divisor of u and 2.
2
Let x be ((-473)/2)/(164/8 - 21). What is the highest common divisor of x and 86?
43
Suppose 2*x = 6, 5*s - 2*x + 107 = 861. What is the greatest common divisor of s and 1406?
38
Suppose -4*d - n = -16008, d + n - 4002 = 6*n. Calculate the greatest common divisor of 138 and d.
138
Suppose -258 = -109*l + 69. Calculate the greatest common divisor of l and 339.
3
Suppose -3*i + i + 686 = 0. Let m = -320 + 254. Let b = -17 - m. What is the greatest common divisor of b and i?
49
Let u = 25 - 20. Suppose f + u*r + 183 = 4*f, -5*r = -15. Suppose 3*g = -87 + 105. Calculate the greatest common factor of f and g.
6
Let j(g) = -92*g - 476. Let b be j(-6). What is the greatest common divisor of b and 1254?
38
Suppose 6*n + d - 51 = 0, -2*n + 88 = 4*d + 82. What is the greatest common divisor of 14832 and n?
9
Let c(b) = -4*b**3 - b**2 + 84*b + 147. Let l be c(-7). Calculate the highest common factor of 2842 and l.
98
Let i = 4 + 53. Let k(d) = -8*d + 30. Let h be k(-20). Suppose 7*o - 2*o = h. What is the greatest common divisor of o and i?
19
Let l(s) = 2*s + 24. Let a be l(-10). Suppose -a*c = 30*f - 26*f - 212, 3*c = 3*f + 141. Calculate the highest common factor of c and 2.
2
Let s(m) = 11*m**2 - 44*m - 54. Let a be s(8). What is the greatest common divisor of 2533 and a?
149
Let i = -364 + 367. Suppose 27*v = 31*v, -351 = -i*t - 5*v. Calculate the greatest common divisor